3 + -4 - 1985) + 3). Let u = 166 + d. Is u a prime number?
True
Suppose -4*x = -1675 - 701. Suppose -4*r + x = -2*o, 0 = r - o - 87 - 64. Is 11/(-6)*-3*r a composite number?
True
Suppose -28*z + 43985 = -23*z. Suppose 4*o + 3*a = -a + 7032, -2*a = -5*o + z. Is o prime?
True
Let k(i) be the third derivative of 2*i**4 + 31*i**3/6 + 14*i**2. Is k(16) prime?
False
Suppose 34*b = 31*b + 636. Suppose -3*y = -6, -n - b = n - 2*y. Let z = 243 + n. Is z a composite number?
False
Suppose 912741 + 495724 = 43*t. Is t a prime number?
False
Is (-4)/(20/(-119011)) + (-168)/140 a prime number?
True
Let l(q) be the second derivative of q**5/20 + 11*q**4/12 + q**3/2 + 11*q**2/2 + 12*q. Let t be l(-11). Is t/6*3*-1 a composite number?
False
Let l = -4469 + 2836. Let p = -1140 - l. Is p a prime number?
False
Let q be (-2)/(-1) - -2*(-2 - -9). Suppose q*i - 6941 = 5*i. Is i a composite number?
False
Suppose k + 27 = 30. Suppose -2*y = 3*v - 380, -264 = -y + k*v - 83. Is y composite?
True
Let p(m) = -4*m - 14. Let f be p(-4). Is (-5668)/(-8) + f/4 prime?
True
Let a(i) = 23699*i + 61. Is a(2) prime?
True
Let u(t) = -118*t - 36. Let j be u(-8). Suppose 0 = -2*i - 3*z + j, -4*i - 3*z - 463 = -5*i. Is i a prime number?
True
Suppose 4*x = 8*x - 108. Suppose -x*c = -32*c + 2035. Is c prime?
False
Suppose v = -5*d + 3064, -v = -3*v + 2*d + 6164. Is v a prime number?
True
Is (-9794)/(-7) + 23/(-161) prime?
True
Suppose 0 = -5*n + f + 16471, -2*n + 7181 - 603 = -3*f. Is n composite?
True
Let h(z) = -z**3 + 5*z**2 + 2*z - 7. Let k be h(5). Suppose 5844 = k*s + s. Is s composite?
True
Suppose -4*l = -3*s - 112 + 11, 3*l + 5*s = 112. Suppose -c = 3*c - 3*u - l, 2*u + 26 = 4*c. Suppose c*v + g = 2390, 7*g + 25 = 2*g. Is v composite?
False
Suppose -4*d + d = -9. Let y be (1/d)/((-1)/(-12)). Is 617/8 + y/(-32) a prime number?
False
Let b = 35 + -21. Let k = 17 - b. Suppose 4*d = w + 3*d - 95, 0 = 4*w + k*d - 352. Is w a prime number?
False
Suppose 4*i + b = i + 2168, b = -1. Let h = -277 + i. Is h a prime number?
False
Let a = 9844 - -2605. Is a a composite number?
True
Let l be 3 - 4/(8/(-90)) - 1. Let k = l - -636. Is k prime?
True
Let z(g) = 101*g**2 - 20*g - 242. Is z(25) composite?
False
Let c(d) = d**3 - 31*d**2 - 58*d + 63. Is c(34) prime?
True
Suppose -2*z - 308 = x - 2*x, 4*z + 914 = 3*x. Is x a composite number?
True
Suppose -11*c + 57 = 2. Suppose y - 4054 = -o, 10*o = c*y + 5*o - 20220. Is y a prime number?
True
Suppose 279*t - 286*t = -28777. Is t composite?
False
Let r be (-240)/(-39) + 4/(-26). Suppose r*d - 10 - 26 = 0. Let a(g) = 77*g - 11. Is a(d) a prime number?
False
Let g(k) = k**3 - 10*k**2 - 12*k - 13. Let m = 10 - -2. Is g(m) prime?
True
Let n(z) = 72*z**2 - z. Suppose -5*s - 3*f - 1 = 0, 2*f + 6 = s + 1. Is n(s) composite?
False
Suppose 2560 = 4*j - 2*f, -3*f = 23*j - 24*j + 635. Is j a prime number?
True
Suppose 5*u - 3*d + 510 = 0, 2*u + 3*d + 0*d + 225 = 0. Let o = u - -306. Is o composite?
True
Let g(d) = 325*d**2 + d. Let n be g(-1). Let c = 999 + -404. Let a = c - n. Is a composite?
False
Let n(y) = 2*y**3 - y**2 - y - 2. Let g(c) = 2*c**3 - c - 2. Let k(i) = 3*g(i) - 2*n(i). Let l(h) be the first derivative of k(h). Is l(-4) prime?
True
Is 27/(-36)*(-769224)/18 composite?
False
Let u = -26898 - -45547. Is u a composite number?
True
Let b(j) = 1311*j + 314. Is b(7) a composite number?
False
Let v(n) = 8946*n**2 - n + 11. Is v(-2) prime?
True
Let y be (4/(-3))/((-2)/132). Suppose 8*s = -377 + 369. Let o = s + y. Is o prime?
False
Let r(h) = h - 8. Let t be r(13). Suppose 127 = -t*w + 1062. Is w a prime number?
False
Let d = 14 + -11. Suppose 5*q - d*q = 496. Suppose -539 = -u + q. Is u a composite number?
False
Let f = 88 - 92. Let q = 367 - f. Is q a prime number?
False
Let p(z) = z**2 + 7*z + 8. Suppose -4*u = -5*h - 43, 4*h - 7*h + u - 23 = 0. Let c be p(h). Is -5 + 8 + c*8 prime?
True
Suppose 9*g = 32*g - 185081. Is g prime?
False
Suppose 5*p - 141 = 249. Let z = -27 + 74. Let s = p - z. Is s prime?
True
Is (37029/(-2))/(((-9)/6)/3) prime?
False
Suppose 2 + 6 = -w. Let u(r) = r**2 + 7*r - 5. Let t be u(w). Suppose -27 = -t*n + 84. Is n prime?
True
Let w = -28565 - -43744. Is w a composite number?
True
Let d = -6064 - -8919. Is d a composite number?
True
Suppose -b = -2*o + 1864, -5*b - 4655 = 10*o - 15*o. Is o composite?
True
Let y = 17 - 12. Suppose -5*h = -4*h - l - 121, 359 = 3*h - y*l. Is h a prime number?
False
Let b(f) = 85*f - 1. Let q be b(2). Let y = q + -2. Is y composite?
False
Suppose -12*z = 6*z + 8982. Let h = 1792 - 956. Let x = z + h. Is x a composite number?
False
Is 2556288/264 + 3/33 a composite number?
True
Let x be ((-12)/(-18))/((-3)/99). Let m(z) = -28*z - 81. Is m(x) composite?
True
Let h be 1/(-4) + (-282)/24. Let o = h + 17. Suppose 3*t = -2*t - 5*l + 1050, o*l + 1060 = 5*t. Is t a prime number?
True
Let r(j) = -10*j - 19. Let u be r(-2). Is 12 - -3514 - u*(-1 + 0) a composite number?
False
Let o = -21 - -26. Let q(x) = -4*x**3 - 2*x**2 - 5*x**3 + 0*x**3 - o*x - 5. Is q(-3) composite?
True
Let g(l) = 690*l + 17. Is g(4) prime?
True
Let x = 35 + -37. Let n(t) = -3*t**3 + 2*t**2 - 2*t + 667. Let g(d) = d**3 - d**2 + d - 333. Let c(o) = x*n(o) - 5*g(o). Is c(0) a prime number?
True
Suppose -4*m = r + 28, -5*m - 3*r = 2*r + 35. Let n = -5 - m. Suppose n*z - 488 = -4*b - 3*z, 4*b + z = 504. Is b a composite number?
False
Suppose -2*r - r = -30. Is 1297/5 + (-4)/r a prime number?
False
Suppose 10*s + 35*s - 6570 = 0. Is s composite?
True
Suppose -2*i + 2365 = 89. Is i a prime number?
False
Suppose -4*h + h = -3. Let x be 16074/(-36) + h/(-2). Is (-12)/(-18)*x/(-2) a composite number?
False
Suppose -5*a = -4*a + 3*x + 13, 3*a + 6 = 2*x. Let c be (-1 - (-2)/a)*-14. Suppose k - 4*u - 53 = 0, 0 = -k - 4*u - 0*u + c. Is k prime?
True
Let t(i) = 726*i**2 - 13. Is t(-3) a prime number?
True
Suppose 2*b + 0*b - 4*n = 1250, 3*b - 1885 = n. Is b a prime number?
False
Suppose 4*o + 195 + 201 = 0. Let w = -66 - o. Let r = w + -23. Is r prime?
False
Suppose -2*m + 2*z - 10 = 3*z, m = 3*z + 9. Is (163/3)/(2/m + 1) a prime number?
True
Is (-7)/(49/(-42)) + 13493 a prime number?
True
Let l be 10*13 + -1 + 2. Let z = -42 + l. Is z composite?
False
Let p = -2779 - -4330. Let g = p + -882. Is g prime?
False
Suppose -3*i = -2*f + 49, -i + 62 - 16 = 3*f. Let c(a) = -17 + f*a + 10 + a. Is c(5) composite?
False
Suppose 5*y + 5*d = 265, 0 = 3*y - 5*d - 124 + 5. Let z(h) = 50*h - 111. Let l be z(14). Let p = l - y. Is p a composite number?
False
Suppose -36*w + 2*l - 12509 = -41*w, l + 3 = 0. Is w composite?
False
Let o(p) = -2*p**3 + 12*p**2 - 8*p - 6. Let l be o(5). Suppose l*n = -6*n + 38470. Is n a composite number?
False
Suppose -4*k = -5*v + 1807 + 1059, -2297 = -4*v - k. Let h = v - 375. Is h a composite number?
False
Let s(n) = 2*n**3 - 6*n**2 + 3. Suppose 0 = -3*p - 12, -5*z - 4*p - 27 - 19 = 0. Let y(d) = -d**2 - 6*d + 7. Let a be y(z). Is s(a) prime?
False
Let l = -1469 + 6714. Is l composite?
True
Suppose 5*v + 6860 = 10*v. Let t = v - -673. Is t a composite number?
True
Let x be -1658*((-21)/(-6))/(-1). Suppose -2*f + 9196 = 3*k, -2*f + x = k - 3389. Is f a composite number?
True
Let k(a) = a - 3*a**2 - 3*a + 3 + 0*a + 18*a**2. Let c(h) = -h**2 - h + 2. Let y be c(2). Is k(y) composite?
False
Suppose f + 16 = -f. Let c be 1/((-2)/f) + -2. Suppose -x + c = -w - 12, 3*x = -w + 26. Is x a composite number?
True
Suppose -52127 = -11*z + 176442. Is z prime?
False
Suppose -2*o + 18353 = 3*w - 4*o, -4*w - o + 24489 = 0. Is w a composite number?
False
Let q(n) = -202*n**3 + n**2 + 3*n + 2. Is q(-1) a composite number?
True
Let h(x) = 5*x**3 - 8*x**2 + 11*x - 2. Let b be h(10). Is (-4)/48*-4 + b/9 a composite number?
False
Let t be (-29)/9 - (-52)/234. Let w(l) = 49*l**2 + 3*l + 19. Is w(t) a prime number?
False
Suppose -m + 5*m - 2*b - 10 = 0, -3*b - 11 = -4*m. Let u be m/(-6)*(8 + -8). Suppose 5*x + u*x = 1685. Is x composite?
False
Suppose 4*o - 11 = -43. Is o/(-14) + (-5545)/(-35) a composite number?
True
Suppose -5*y - 703 = -5*o - 10228, -4*y + 7629 = -o. Suppose 0 = w + q - y, -4*w + q = 2*q - 7647. Is w a composite number?
False
Let i = -10 + 13. Let n(p) = 15*p**2 + 4*p - 4. Is n(i) a prime number?
False
Suppose -27 = 7*s - 55. Let 